er when 322 is divided by 280.
42
What is the remainder when 4003 is divided by 1299?
106
Calculate the remainder when 14872 is divided by 36.
4
What is the remainder when 4245 is divided by 1986?
273
What is the remainder when 39057 is divided by 105?
102
Calculate the remainder when 14362 is divided by 356.
122
What is the remainder when 131254 is divided by 31?
0
Calculate the remainder when 5437 is divided by 7.
5
What is the remainder when 17256 is divided by 20?
16
What is the remainder when 6769 is divided by 171?
100
What is the remainder when 13331 is divided by 669?
620
What is the remainder when 165965 is divided by 23?
20
What is the remainder when 3005 is divided by 60?
5
Calculate the remainder when 6451 is divided by 805.
11
Calculate the remainder when 24660 is divided by 285.
150
Calculate the remainder when 702 is divided by 330.
42
What is the remainder when 17165 is divided by 62?
53
What is the remainder when 21810 is divided by 21810?
0
Calculate the remainder when 21442 is divided by 127.
106
What is the remainder when 15054 is divided by 1867?
118
Calculate the remainder when 22974 is divided by 207.
204
Calculate the remainder when 54950 is divided by 16.
6
Calculate the remainder when 4241 is divided by 230.
101
What is the remainder when 48925 is divided by 44?
41
What is the remainder when 2757356 is divided by 12?
8
What is the remainder when 4413 is divided by 1395?
228
What is the remainder when 90680 is divided by 2323?
83
Calculate the remainder when 114194 is divided by 57088.
18
Calculate the remainder when 785 is divided by 7.
1
Calculate the remainder when 69056 is divided by 56.
8
Calculate the remainder when 19134 is divided by 735.
24
Calculate the remainder when 35819 is divided by 102.
17
Calculate the remainder when 317753 is divided by 3738.
23
Calculate the remainder when 987 is divided by 184.
67
Calculate the remainder when 31840 is divided by 2649.
52
What is the remainder when 30287 is divided by 212?
183
What is the remainder when 31306 is divided by 10363?
217
What is the remainder when 26875 is divided by 14?
9
What is the remainder when 138554 is divided by 1034?
1032
What is the remainder when 9131 is divided by 9121?
10
Calculate the remainder when 35389 is divided by 233.
206
What is the remainder when 15441 is divided by 292?
257
What is the remainder when 13014 is divided by 105?
99
What is the remainder when 420 is divided by 244?
176
Calculate the remainder when 452225 is divided by 31.
28
Calculate the remainder when 5710 is divided by 2855.
0
Calculate the remainder when 168755 is divided by 294.
293
Calculate the remainder when 876225 is divided by 1006.
1005
What is the remainder when 1793 is divided by 169?
103
What is the remainder when 184408 is divided by 788?
16
Calculate the remainder when 14713 is divided by 20.
13
Calculate the remainder when 810820 is divided by 27027.
10
Calculate the remainder when 9897 is divided by 9689.
208
Calculate the remainder when 7031 is divided by 2328.
47
Calculate the remainder when 64523 is divided by 71.
55
What is the remainder when 56676 is divided by 3542?
4
Calculate the remainder when 55870 is divided by 194.
192
What is the remainder when 1069375 is divided by 616?
615
What is the remainder when 6520 is divided by 2159?
43
What is the remainder when 4605 is divided by 1862?
881
Calculate the remainder when 16251 is divided by 524.
7
Calculate the remainder when 5304686 is divided by 9.
5
Calculate the remainder when 5534 is divided by 375.
284
What is the remainder when 4585 is divided by 1936?
713
What is the remainder when 4533 is divided by 1?
0
Calculate the remainder when 214265 is divided by 837.
830
Calculate the remainder when 13722 is divided by 1715.
2
What is the remainder when 1483 is divided by 842?
641
Calculate the remainder when 2050 is divided by 17.
10
Calculate the remainder when 70821 is divided by 517.
509
Calculate the remainder when 57745 is divided by 9623.
7
Calculate the remainder when 181277 is divided by 203.
201
What is the remainder when 699573 is divided by 151?
141
Calculate the remainder when 29591 is divided by 870.
11
Calculate the remainder when 414 is divided by 222.
192
Calculate the remainder when 155893 is divided by 256.
245
Calculate the remainder when 584683 is divided by 135.
133
What is the remainder when 17466 is divided by 1090?
26
What is the remainder when 7773 is divided by 65?
38
Calculate the remainder when 219271 is divided by 73.
52
Calculate the remainder when 436628 is divided by 228.
8
Calculate the remainder when 1288161 is divided by 429378.
27
Calculate the remainder when 654 is divided by 631.
23
Calculate the remainder when 1958703 is divided by 8.
7
What is the remainder when 27152 is divided by 73?
69
What is the remainder when 923 is divided by 887?
36
Calculate the remainder when 3058 is divided by 3006.
52
What is the remainder when 2489 is divided by 311?
1
Calculate the remainder when 4594 is divided by 158.
12
What is the remainder when 1968 is divided by 2?
0
What is the remainder when 11021 is divided by 419?
127
Calculate the remainder when 9083 is divided by 130.
113
Calculate the remainder when 6947 is divided by 492.
59
What is the remainder when 5007 is divided by 5001?
6
What is the remainder when 2747 is divided by 809?
320
What is the remainder when 2228 is divided by 184?
20
Calculate the remainder when 76 is divided by 21.
13
What is the remainder when 11003 is divided by 3621?
140
Calculate the remainder when 11609 is divided by 3703.
500
Calculate the remainder when 4269 is divided by 99.
12
Calculate the remainder when 35561 is divided by 7105.
36
What is the remainder when 9972 is divided by 298?
138
Calculate the remainder when 11372 is divided by 1319.
820
What is the remainder when 820 is divided by 817?
3
What is the remainder when 1349921 is divided by 5192?
1
Calculate the remainder when 2308793 is divided by 26.
19
Calculate the remainder when 61181 is divided by 61133.
48
Calculate the remainder when 45127 is divided by 21.
19
What is the remainder when 437681 is divided by 42?
41
Calculate the remainder when 2010 is divided by 425.
310
Calculate the remainder when 240035 is divided by 7743.
2
What is the remainder when 56408 is divided by 482?
14
What is the remainder when 3872 is divided by 43?
2
What is the remainder when 19288 is divided by 6426?
10
What is the remainder when 302947 is divided by 542?
511
Calculate the remainder when 495025 is divided by 13.
11
What is the remainder when 43997 is divided by 234?
5
Calculate the remainder when 300859 is divided by 27.
25
What is the remainder when 2197879 is divided by 20?
19
Calculate the remainder when 11464 is divided by 673.
23
What is the remainder when 116248 is divided by 625?
623
What is the remainder when 14430 is divided by 26?
0
Calculate the remainder when 131506 is divided by 32875.
6
Calculate the remainder when 38794 is divided by 15.
4
Calculate the remainder when 18744 is divided by 58.
10
Calculate the remainder when 11147 is divided by 10328.
819
Calculate the remainder when 392708 is divided by 19.
16
What is the remainder when 43001 is divided by 29?
23
Calculate the remainder when 5576 is divided by 183.
86
Calculate the remainder when 7709 is divided by 482.
479
What is the remainder when 456 is divided by 334?
122
What is the remainder when 15951 is divided by 451?
166
What is the remainder when 27586 is divided by 57?
55
What is the remainder when 7236 is divided by 1516?
1172
What is the remainder when 140018 is divided by 287?
249
What is the remainder when 247605 is divided by 3346?
1
What is the remainder when 674 is divided by 659?
15
Calculate the remainder when 81657 is divided by 26.
17
Calculate the remainder when 335 is divided by 59.
40
Calculate the remainder when 374938 is divided by 19.
11
Calculate the remainder when 1352 is divided by 179.
99
Calculate the remainder when 6031 is divided by 1056.
751
What is the remainder when 1898986 is divided by 1222?
1220
Calculate the remainder when 45172 is divided by 59.
37
What is the remainder when 8080 is divided by 83?
29
Calculate the remainder when 16313 is divided by 2675.
263
Calculate the remain